actor of 252?
True
Is 4 a factor of 1944?
True
Is 2945 a multiple of 90?
False
Is 11 a factor of 2808?
False
Is 151 a factor of 3624?
True
Is 4838 a multiple of 35?
False
Does 7 divide 1089?
False
Is 26 a factor of 1118?
True
Is 120495 a multiple of 15?
True
Is 9947 a multiple of 83?
False
Is 3173 a multiple of 68?
False
Does 195 divide 17160?
True
Does 14 divide 504?
True
Is 21 a factor of 7602?
True
Is 383 a multiple of 115?
False
Is 7 a factor of 1323?
True
Is 18 a factor of 936?
True
Is 64 a factor of 448?
True
Does 18 divide 144?
True
Is 10472 a multiple of 119?
True
Is 285 a multiple of 17?
False
Is 84456 a multiple of 391?
True
Does 40 divide 1320?
True
Does 7 divide 19257?
True
Is 26 a factor of 52989?
False
Does 5 divide 3355?
True
Does 19 divide 7904?
True
Is 21 a factor of 6531?
True
Is 1321 a multiple of 4?
False
Is 2 a factor of 248?
True
Is 24 a factor of 9240?
True
Is 18 a factor of 540?
True
Does 6 divide 1244?
False
Is 56 a factor of 1848?
True
Is 47969 a multiple of 129?
False
Is 50 a factor of 2949?
False
Is 9306 a multiple of 6?
True
Does 64 divide 2302?
False
Is 5478 a multiple of 33?
True
Is 19 a factor of 1841?
False
Does 3 divide 348?
True
Does 4 divide 103?
False
Is 27 a factor of 1000?
False
Is 945 a multiple of 2?
False
Is 116 a factor of 10440?
True
Is 28849 a multiple of 17?
True
Is 3356 a multiple of 8?
False
Is 7378 a multiple of 14?
True
Is 9 a factor of 1210?
False
Is 106 a factor of 3498?
True
Does 7 divide 5422?
False
Is 73 a factor of 803?
True
Does 10 divide 3290?
True
Does 36 divide 6300?
True
Is 620 a multiple of 5?
True
Does 16 divide 14464?
True
Is 10527 a multiple of 87?
True
Is 21070 a multiple of 86?
True
Is 3720 a multiple of 40?
True
Is 1819 a multiple of 22?
False
Is 40 a factor of 6960?
True
Is 29 a factor of 253?
False
Is 308 a multiple of 28?
True
Is 32 a factor of 4800?
True
Does 23 divide 1556?
False
Is 114 a factor of 3648?
True
Does 9 divide 2134?
False
Does 17 divide 11764?
True
Is 662 a multiple of 19?
False
Is 9 a factor of 1470?
False
Is 156 a factor of 16224?
True
Is 62631 a multiple of 9?
True
Is 64 a factor of 1974?
False
Is 1606 a multiple of 73?
True
Is 62 a factor of 5952?
True
Does 4 divide 40?
True
Does 15 divide 102?
False
Does 42 divide 1680?
True
Does 24 divide 12798?
False
Is 30 a factor of 7620?
True
Is 3344 a multiple of 176?
True
Is 420 a multiple of 22?
False
Is 20880 a multiple of 145?
True
Is 61 a factor of 4331?
True
Is 18 a factor of 558?
True
Does 45 divide 1035?
True
Is 20311 a multiple of 8?
False
Does 38 divide 684?
True
Does 111 divide 8982?
False
Is 30 a factor of 18300?
True
Is 14 a factor of 26530?
True
Is 26 a factor of 962?
True
Is 43766 a multiple of 66?
False
Is 11 a factor of 8615?
False
Does 14 divide 1932?
True
Is 38 a factor of 29184?
True
Does 66 divide 3432?
True
Is 94 a factor of 21752?
False
Does 19 divide 190?
True
Is 7491 a multiple of 26?
False
Does 54 divide 7614?
True
Is 8330 a multiple of 17?
True
Is 5 a factor of 625?
True
Does 5 divide 105?
True
Does 2 divide 842?
True
Is 15 a factor of 36015?
True
Is 13 a factor of 2404?
False
Is 16 a factor of 1290?
False
Is 3294 a multiple of 12?
False
Does 2 divide 5010?
True
Is 80 a factor of 1121?
False
Does 39 divide 4680?
True
Is 408 a multiple of 8?
True
Is 12 a factor of 132?
True
Does 84 divide 1764?
True
Is 26790 a multiple of 282?
True
Does 28 divide 58539?
False
Is 24 a multiple of 3?
True
Does 37 divide 1591?
True
Is 4 a factor of 5034?
False
Is 13 a factor of 12259?
True
Is 8 a factor of 4869?
False
Is 32 a factor of 2272?
True
Is 5 a factor of 797?
False
Is 81 a factor of 1134?
True
Is 12638 a multiple of 18?
False
Does 286 divide 10010?
True
Does 23 divide 7769?
False
Is 23 a factor of 6436?
False
Is 9 a factor of 4491?
True
Is 1400 a multiple of 14?
True
Is 45 a factor of 495?
True
Does 151 divide 29312?
False
Does 7 divide 6286?
True
Is 377 a multiple of 8?
False
Is 16 a factor of 19952?
True
Does 14 divide 1360?
False
Does 104 divide 1248?
True
Does 12 divide 4303?
False
Is 65 a factor of 2860?
True
Does 9 divide 183?
False
Is 28348 a multiple of 76?
True
Is 28 a factor of 13496?
True
Is 6466 a multiple of 36?
False
Is 1092 a multiple of 11?
False
Is 4810 a multiple of 40?
False
Is 30240 a multiple of 379?
False
Is 3428 a multiple of 7?
False
Is 27302 a multiple of 22?
True
Is 17 a factor of 15420?
False
Does 7 divide 105926?
False
Is 1755 a multiple of 17?
False
Is 7124 a multiple of 52?
True
Is 24527 a multiple of 42?
False
Is 11 a factor of 125726?
False
Is 17330 a multiple of 112?
False
Is 7 a factor of 84?
True
Is 1727 a multiple of 11?
True
Does 42 divide 1442?
False
Is 5 a factor of 7790?
True
Is 525 a multiple of 25?
True
Is 1808 a multiple of 8?
True
Is 76 a factor of 2986?
False
Is 18 a factor of 4471?
False
Is 636 even?
True
Is 41 a factor of 1657?
False
Is 12328 a multiple of 134?
True
Does 78 divide 9360?
True
Is 765 a multiple of 51?
True
Is 35 a factor of 2886?
False
Is 166 a factor of 14110?
True
Does 69 divide 2793?
False
Is 27 a factor of 2341?
False
Does 30 divide 507?
False
Does 16 divide 78592?
True
Is 175 a multiple of 4?
False
Is 53 a factor of 12508?
True
Does 13 divide 292?
False
Does 62 divide 1054?
True
Does 31 divide 2539?
False
Is 528 a multiple of 22?
True
Is 24 a factor of 192?
True
Is 79 a factor of 6399?
True
Is 4856 a multiple of 15?
False
Is 31 a factor of 380?
False
Is 99540 a multiple of 84?
True
Is 542 a multiple of 3?
False
Is 5 a factor of 72?
False
Does 7 divide 11704?
True
Does 50 divide 90?
False
Does 7 divide 2674?
True
Is 55 a factor of 3080?
True
Is 35510 a multiple of 134?
True
Is 4901 a multiple of 97?
False
Does 10 divide 6210?
True
Does 2 divide 2446?
True
Is 82878 a multiple of 6?
True
Does 20 divide 280?
True
Does 14 divide 1176?
True
Is 397 a factor of 2849?
False
Is 350 a multiple of 25?
True
Does 32 divide 96?
True
Is 110 a multiple of 22?
True
Is 8 a factor of 456?
True
Is 6 a factor of 759?
False
Does 59 divide 38704?
True
Is 18 a factor of 43?
False
Does 7 divide 1141?
True
Does 9 divide 3968?
False
Is 21782 a multiple of 3?
False
Is 3008 a multiple of 57?
False
Is 43 a factor of 10524?
False
Does 16 divide 18800?
True
Is 732 a multiple of 21?
False
Is 736 even?
True
Is 1193 a multiple of 169?
False
Is 9765 a multiple of 15?
True
Does 14 divide 25348?
False
Does 173 divide 50203?
False
Is 46 a factor of 3220?
True
Is 18 a factor of 7038?
True
Is 39933 a multiple of 116?
False
Does 16 divide 44478?
False
Is 31 a factor of 4185?
True
Is 66570 a multiple of 24?
False
Is 3216 a multiple of 201?
True
Is 31 a factor of 28985?
True
Does 15 divide 9874?
False
Does 32 divide 943?
False
Does 36 divide 800?
False
Is 840 a multiple of 10?
True
Does 16 divide 3088?
True
Is 16 a factor of 5392?
True
Does 31 divide 62?
True
Is 58847 a multiple of 152?
False
Does 25 divide 11100?
True
Is 5124 a multiple of 122?
True
Is 7236 a multiple of 12?
True
Does 96 divide 51447?
False
Is 17 a factor of 711?
False
Is 10 a factor of 151?
False
Is 46088 a multiple of 28?
True
Is 348 a multiple of 29?
True
Does 80 divide 7255?
False
Is 5853 a multiple of 21?
False
Is 44 a factor of 11440?
True
Is 9628 a multiple of 58?
True
Does 79 divide 50406?
False
Is 21 a factor of 547?
False
Is 87690 a multiple of 74?
True
Does 60 divide 3480?
True
Is 47 a factor of 611?
True
Is 39 a factor of 9828?
True
Is 19 a factor of 4791?
False
Does 15 divide 1965?
True
Is 1300 a multiple of 50?
True
Is 5776 a multiple of 38?
True
Does 120 divide 1097?
False
Is 64 a factor of 2496?
True
Does 11 divide 14?
False
Is 34 a factor of 3740?
True
Does 28 divide 36484?
True
Does 191 divide 78310?
True
Is 17 a factor of 32776?
True
Does 216 divide 8640?
True
Is 222 even?
True
Does 26 divide 26322?
False
Is 659 a multiple of 14?
False
Is 2129 a multiple of 2?
False
Does 30 divide 3230?
False
Does 22 divide 698?
False
Is 111 a factor of 2664?
True
Does 12 divide 348?
True
Is 22540 a multiple of 140?
True
Is 10 a factor of 671?
False
Does 6 divide 60?
True
Does 21 divide 955?
False
Does 17 divide 54388?
False
Is 3 a factor of 60?
True
Is 3119 a multiple of 43?
False
Is 952 a multiple of 28?
True
Is 20 a factor of 440?
True
Is 33 a multiple of 5?
False
Is 56 a factor of 6871?
False
Is 9 a 